ided by 252.
16
Suppose -3080 = -13*l - l. Suppose 0 = -46*t + 50*t - l. Calculate the remainder when t is divided by 5.
0
Let z = -29157 - -29188. Calculate the remainder when 577 is divided by z.
19
Suppose -4653 = -162*x + 2961. What is the remainder when x is divided by -5 + 9 + 2*3?
7
Let k = 3421 + -3379. What is the remainder when 81 is divided by k?
39
Let a(f) = 2*f**2 + 68*f - 356. What is the remainder when 66 is divided by a(5)?
32
Let w = 11372 + -10880. What is the remainder when w is divided by 491?
1
Let t(d) = d**3 + 4*d**2 + 76. Let g be t(-6). Suppose -g*q + 326 = -210. Suppose -3*h = -2*h - 34. Calculate the remainder when q is divided by h.
32
Let f = 7563 - 2284. Calculate the remainder when f is divided by 220.
219
Suppose 5*n - 21 = 9. Suppose j = 3*p + 4 + n, 3*p + 7 = -2*j. What is the remainder when 31 is divided by (p/(-2) + -2)/((-8)/272)?
14
Let i = -13618 - -14081. Calculate the remainder when i is divided by 22.
1
Let g be (2 - 3)/((-4)/60*5). Suppose -k + 125 = i, -2*i + 2 - 4 = 0. Suppose -n - k = -g*n. Calculate the remainder when n is divided by 8.
7
Let g(s) = -7*s - 4. Let z be g(0). Let o(n) = -n**2 - 18*n - 12. What is the remainder when o(-8) is divided by -2 + ((-12)/z + 1 - -12)?
12
Suppose 15 = 6*v - 5*v - 3*s, s + 21 = 3*v. What is the remainder when 108 is divided by -191*7/(-42) - (-1)/v?
12
Suppose -16 = 2*f + 2*f. Calculate the remainder when 3/(6/f)*(4 - 14) is divided by 11.
9
Suppose 6*v - 4*g + 15 = 7*v, -3*g + 20 = v. Let f = 5 + -2. Let i = f - -3. What is the remainder when v is divided by i?
5
Suppose -3*q = -3166 + 736. Suppose -q*x + 807*x + 6 = 0. Calculate the remainder when 17 is divided by x.
1
Let q = 53 - 29. Let n = -65 + q. Let t = n + 109. Calculate the remainder when t is divided by 24.
20
Let o be 1640/(-20)*2/(-4). Suppose -2*i = 5*l - 201, -170 = -2*i - 3*l + o. What is the remainder when i is divided by 4?
1
Let z = -32 + 36. Let c(s) = 3*s**3 + 3*s + z*s**2 + 2 - 3*s**2 - 4. Calculate the remainder when 125 is divided by c(2).
29
Let z(o) be the third derivative of -o**6/120 + o**5/12 + o**4/24 - 4*o**3/3 - 692*o**2. Let n = -6 - -10. Calculate the remainder when 23 is divided by z(n).
11
Let m = -1007 - -1146. What is the remainder when 293 is divided by m?
15
Suppose 0 = 5*f - 4*q + 50, 0 = -5*f - q - 25. What is the remainder when (f/(-5))/(18*13/31200) is divided by 24?
16
Let j = 9060 + -8205. Calculate the remainder when 1728 is divided by j.
18
Let f(p) = 84 - 21*p + 6*p - 3*p - 194 - 13*p. What is the remainder when f(-4) is divided by 12?
2
Suppose -5*i = -154 - 86. Let c = i + -48. Suppose c = 4*o - 2*v - 78, 6*o = 2*o + 5*v + 81. Calculate the remainder when o is divided by 5.
4
Let p(r) = 3*r + 804. What is the remainder when p(-21) is divided by 93?
90
Suppose 32*q = -26*q + 40063 + 8715. What is the remainder when q is divided by 308?
225
Let s be (-560)/96 - ((-3)/(-18) - 0). Calculate the remainder when 50/((-12)/(-30)*(-2)/s) is divided by 27.
24
Let d(n) = -29*n + 2. Let l = -12 + 12. Suppose -3*f + 16 = -q - l*f, 0 = 2*q + 3*f - 4. Calculate the remainder when d(q) is divided by 30.
28
Let y = -476 + 350. Let o = y - -151. What is the remainder when 48 is divided by o?
23
Let f = -3167 - -3203. What is the remainder when 574 is divided by f?
34
Suppose 1267*o - 1262*o = q + 8, 2*o - 3*q + 2 = 0. Suppose -9 = -2*g + 4*x + 5, 5*g - 2*x = 11. Calculate the remainder when o is divided by g.
0
Suppose 16*h - 20 = 20*h. Calculate the remainder when 33 is divided by (h - -6 - -3)*(-3)/(-2).
3
Suppose 5*j + 4*l = 5, -5*l = -3*j - 2*l - 24. Calculate the remainder when (486/(-6))/(j/(-2)*-1) is divided by 19.
16
Let k = 283 + -278. Suppose -21*h + 1 = u - 19*h, u - k*h - 22 = 0. Calculate the remainder when 25 is divided by u.
4
Let r be (6 - 6)/(-4 - 8/(-4)). What is the remainder when 128 is divided by (11/3 - r)/((-153)/(-2754))?
62
Suppose 66*i - 2631 = -783. What is the remainder when 81 is divided by i?
25
Suppose 0 = 4*v + 3*z - 330, -4*v - 3*z + 7*z = -316. Let q = 13 + 63. What is the remainder when q is divided by (12/18)/(2/v)?
22
Suppose -3*r + 206 = 41*u - 39*u, 0 = r - 5*u - 46. Let i = 311 + -184. Calculate the remainder when i is divided by r.
61
Suppose 7*o + 205 = 2*o. Let m = o - -54. Suppose 95 - 4 = m*n. Calculate the remainder when 13 is divided by n.
6
Suppose 0 = -5*q + 7 + 13. Let p(v) = 23*v - 88. Suppose 2*c = 4*c - 14. What is the remainder when c is divided by p(q)?
3
Let h = 11 + 75. Let k be (-4)/(-260)*7855 + (-2)/(-13). Let v = k - 103. What is the remainder when h is divided by v?
14
Suppose 4*q - q = 51. Let c(g) = -3*g + 34. Let y be c(11). What is the remainder when q is divided by (25/5 + -8)*(-1)/y?
2
Let y(h) = 43*h**2 + 83*h + 453. What is the remainder when y(-5) is divided by 32?
25
What is the remainder when 8 + 1196*12/24 is divided by 42?
18
Let h(o) = -o**2 - 22*o - 113. Let n(c) = -c**3 + 12*c**2 - 4*c + 35. Let k be n(12). What is the remainder when 102 is divided by h(k)?
2
Suppose 5*t = -2*x + 307, 3*t - 577*x + 572*x - 209 = 0. Calculate the remainder when (-600)/16*40/(-6) is divided by t.
61
Let b be (-1)/(2/(-8)) + 1/(-1). Suppose -b*j = -17 + 5. Suppose -u + 9 = 4*t - 131, -5*u = j*t - 156. What is the remainder when t is divided by 19?
15
Let t(a) = a**3 + 15*a**2 - 32*a - 47. What is the remainder when t(-12) is divided by 35?
34
Let o(n) = -n**2 + 18*n - 41. Let l be o(15). Suppose -1 = -2*d - 2*a - 3, 0 = -d - 2*a - l. What is the remainder when 3 is divided by d?
1
Let q(w) be the third derivative of 5*w**4/12 + 13*w**3 - 15*w**2. What is the remainder when 87 is divided by q(-7)?
7
Let d(i) = 24*i**2 - 24*i + 111. Let l be d(4). Suppose -10*g - 9 = -l. Calculate the remainder when g is divided by 21.
18
Suppose 4*r - 5 + 21 = 0. Let g = r + 39. Let j(f) = 12*f**2 + 21*f - 21. Calculate the remainder when g is divided by j(1).
11
Suppose -5*c - 2*r - 2*r = -320, 5*c - 5*r = 275. Suppose 51*h = 61*h - c. Calculate the remainder when 8 is divided by h.
2
Let y(h) = 7*h - 9. Let c be y(-3). Let f be c/(-4)*(-26)/(-65). Suppose f*z = 105 + 156. What is the remainder when z is divided by 22?
21
Suppose -41 = a + 9. Let r = 70 + a. Let t = -2605 + 2704. What is the remainder when t is divided by r?
19
Suppose 117*m = 1813 + 2399. Calculate the remainder when 5000 is divided by m.
32
Let o = 8898 + -8768. What is the remainder when 828 is divided by o?
48
Suppose -k + 2*w = -2*k + 27, 2*k = -3*w + 53. Suppose -68 = 209*u - 241 - 36. What is the remainder when k is divided by u?
0
Let m(r) = 20*r**2 + 11*r - 11. What is the remainder when 456 is divided by m(1)?
16
Let b(a) be the third derivative of 3*a**4/8 - a**3 - 245*a**2. Let m be (4/(-10))/(3/(-30)). What is the remainder when b(m) is divided by 8?
6
Suppose -84*y + 10013 = -48535. Calculate the remainder when y is divided by 121.
92
Let y(g) = 3*g**2 - 9*g - 50. Let x = -411 - -407. What is the remainder when 74 is divided by y(x)?
6
Suppose -37*q + 34*q + 15 = 0. Suppose -q*g + 140 = -15*g. Calculate the remainder when 35 is divided by (-22 - -1)*12/g.
17
Let z be (10 + -16)*(-9)/(-2). Let a be (-2)/9 + (-843)/z. Let y = a - 22. What is the remainder when 21 is divided by y?
3
Let m = 3792 + -3768. What is the remainder when 66 is divided by m?
18
Let l(x) = -2884*x - 46 - x**3 - 4*x**2 + 2912*x + 29*x**2. Calculate the remainder when l(26) is divided by (-1)/1*-1 - -5.
0
Suppose -341 = 23*g - 9311. Suppose 3*r + 18 - g = 0. What is the remainder when r is divided by 18?
16
Let f(b) = b**2 - 4*b - 11. Let q be f(6). Let k be (30/18 + -1)*96. What is the remainder when -2 - (-6 + q) - (0 - k) is divided by 10?
7
Suppose 0 = 5*z - l - 85, 2*l + 10 = -5*z + 110. Let s = -11 - -18. What is the remainder when z is divided by s?
4
Suppose 16*p - 593 - 667 = p. What is the remainder when 1591 is divided by p?
79
Let x(n) = 7*n**2 - 14. Let r be x(-4). Let k = 167 - r. What is the remainder when k is divided by 31?
7
Suppose 148 + 197 = 5*n. Suppose 0 = 18*q - n - 57. What is the remainder when 24 is divided by q?
3
Let h(d) = -9*d - 120. Let p be h(-20). Calculate the remainder when (p/18)/(-5)*(-44 - 4) is divided by 10.
2
Let z(l) = -4*l**3 - 70*l**2